1010022112 + -21200001?
-1101222120
In base 13, what is -39a61b - a?
-39a628
In base 3, what is 11101121 - -2011200221?
2100002112
In base 8, what is 5423 + -272002?
-264357
In base 13, what is -23285 + 3b73?
-1c412
In base 12, what is 0 - -12367718?
12367718
In base 15, what is 1b4 + -37d81?
-37bbc
In base 12, what is 9173b7ba - 0?
9173b7ba
In base 9, what is 5 + 5263512?
5263517
In base 16, what is 42d - 3d4d?
-3920
In base 12, what is 31594bb - 25?
3159496
In base 11, what is 1179099 - -571?
117965a
In base 2, what is 110111000010011111101010 - -11?
110111000010011111101101
In base 11, what is 460121a + 2?
4601221
In base 7, what is 505101 + 2316?
510420
In base 14, what is -83 + c9c62?
c9bbd
In base 16, what is -38 + -1e1aa?
-1e1e2
In base 6, what is -1020 - 354021?
-355041
In base 3, what is -110000102 - 10111220?
-120112022
In base 5, what is -222123112 - -123?
-222122434
In base 2, what is -1011 - -111001010111100100011?
111001010111100011000
In base 13, what is -b8b3 - -c7?
-b7b9
In base 16, what is 0 - 38565?
-38565
In base 15, what is 2d261d + 16?
2d2634
In base 10, what is -53067017 + 2?
-53067015
In base 14, what is 3c77 - 103c0?
-a547
In base 10, what is 3210192 - 11?
3210181
In base 11, what is -1 + 28a476a?
28a4769
In base 14, what is c834c + 5?
c8353
In base 10, what is -2530453 - -5?
-2530448
In base 3, what is -10101122 + -212202200221?
-212220002120
In base 9, what is 1067711 + -2?
1067708
In base 12, what is -8 - 39729a?
-3972a6
In base 8, what is 41636373 - -5?
41636400
In base 11, what is -a99809 - -17?
-a997a2
In base 5, what is 101 - -14324243?
14324344
In base 6, what is 40540200 + -201?
40535555
In base 4, what is -212322130101100 + -10?
-212322130101110
In base 15, what is b0 + c9aa6?
c9b66
In base 16, what is -2995 + -251?
-2be6
In base 7, what is -53506 - -5614?
-44562
In base 6, what is -3 - 10021352?
-10021355
In base 11, what is -38715a + 852?
-386408
In base 4, what is 1031231033 + -201?
1031230232
In base 15, what is -2 - 87d9c49?
-87d9c4b
In base 15, what is -3570 + 61d?
-2e52
In base 9, what is 13713328 + 12?
13713341
In base 8, what is -1247650 - 700?
-1250550
In base 7, what is -1302351 + -3260?
-1305641
In base 6, what is 103201325 - 5?
103201320
In base 5, what is 100203432 - -1421?
100210403
In base 2, what is -1110110011001100100 + -10011111?
-1110110011100000011
In base 8, what is 10540405 + -6?
10540377
In base 5, what is -1240 - 44143102?
-44144342
In base 13, what is -93a6a5 - 1?
-93a6a6
In base 12, what is -11a + -15136?
-15254
In base 4, what is -3031 + 10221323?
10212232
In base 9, what is -11 + 214418?
214407
In base 5, what is 113020 - 1240?
111230
In base 14, what is 252 + -114c3c?
-1149ca
In base 12, what is 81 - -35b90?
36051
In base 6, what is -12132 - -4314?
-3414
In base 9, what is -42427206 + 6?
-42427200
In base 5, what is 43143423 - 20?
43143403
In base 3, what is 12100212022 + 222001?
12101211100
In base 2, what is 101110 - 100110000111001111111?
-100110000111001010001
In base 2, what is -110100101000010010010100 - -101?
-110100101000010010001111
In base 12, what is -89 - -43a9b?
43a12
In base 12, what is -5955272 - 5?
-5955277
In base 13, what is 2baa1 + 5a8?
2c379
In base 2, what is 110111101011000111101 + 1010001?
110111101011010001110
In base 5, what is 230 - -20024042?
20024322
In base 13, what is -13ababa + -9?
-13abac6
In base 2, what is 1101111110101101111101111 - 11?
1101111110101101111101100
In base 10, what is 55 - 4288?
-4233
In base 15, what is 2155 + 7023?
9178
In base 16, what is -6371b9 - 3?
-6371bc
In base 9, what is -22185 + -4078?
-26274
In base 5, what is -3412001423 + 0?
-3412001423
In base 3, what is 110110 + 1000220022?
1001100202
In base 8, what is -2461706 - 545?
-2462453
In base 8, what is -4473 + 1054250?
1047555
In base 5, what is -24 + -430121410?
-430121434
In base 5, what is 401432 - 404024?
-2042
In base 10, what is 5 + -11321538?
-11321533
In base 16, what is a7d49 - 5?
a7d44
In base 11, what is 1430a8 + -25?
143083
In base 5, what is 1 - 42222131324?
-42222131323
In base 6, what is -244 + -34051050?
-34051334
In base 5, what is -224134122442 + 10?
-224134122432
In base 3, what is -22002011 + 11121220221?
11022211210
In base 13, what is -1888 + -1857?
-3412
In base 12, what is 16 + 294620?
294636
In base 3, what is 102210201202110 + 11?
102210201202121
In base 9, what is -400 - 17414?
-17814
In base 4, what is 10 + -10013212102?
-10013212032
In base 3, what is 21200102 + 1201221?
100102100
In base 2, what is 100 - -1001110100111011100001?
1001110100111011100101
In base 5, what is 1 - -31333233332?
31333233333
In base 7, what is -1 + 523643251?
523643250
In base 11, what is -40 - -167522?
167492
In base 16, what is -159e - 291?
-182f
In base 12, what is 4 - 2567336?
-2567332
In base 14, what is -2443 - 51b4?
-7617
In base 2, what is 11001101100100010 + 10011?
11001101100110101
In base 7, what is 25 + 13566362?
13566420
In base 8, what is 1302703 + 146?
1303051
In base 9, what is 326535616 + -1?
326535615
In base 7, what is 201463014 + 1?
201463015
In base 3, what is -120110 - -2110222011?
2110101201
In base 12, what is -5 + -875332a?
-8753333
In base 8, what is 455574231 - -5?
455574236
In base 2, what is -100101111101 - -1000101000?
-11101010101
In base 8, what is -3203076 - 134?
-3203232
In base 12, what is -95160b + 120?
-9514ab
In base 2, what is 11010001011011100 - -10010?
11010001011101110
In base 11, what is -525a6 + -165?
-52760
In base 3, what is -120221201022211 - 1?
-120221201022212
In base 14, what is 2cb438 + -8?
2cb430
In base 9, what is 153367 + -173?
153184
In base 10, what is -231 + 576258?
576027
In base 12, what is -5b79 + 91?
-5aa8
In base 12, what is -64721 + -107?
-64828
In base 15, what is -11d3c40 + 4?
-11d3c3b
In base 14, what is 548b19c - -2a?
548b1c8
In base 10, what is -178033995 - 2?
-178033997
In base 4, what is -2 - 202230210132?
-202230210200
In base 13, what is -103c3 - 62?
-10455
In base 16, what is -7aa89 - f?
-7aa98
In base 14, what is 59b1 - 1a6?
5809
In base 11, what is 7310 + -2816?
45a5
In base 6, what is 5 + -13515440351?
-13515440342
In base 7, what is -66 - 1264302?
-1264401
In base 7, what is -504356504 + -10?
-504356514
In base 15, what is 7 - -14d8ba?
14d8c2
In base 15, what is 40 - -2e844?
2e884
In base 12, what is 4b2634b + 3?
4b26352
In base 9, what is 7 - 53070627?
-53070620
In base 6, what is -245323301 - 0?
-245323301
In base 5, what is 30021023 + 311?
30021334
In base 8, what is -506 + -57503?
-60211
In base 2, what is -100 + 1011101011010101111111?
1011101011010101111011
In base 8, what is -10134125 + -4?
-10134131
In base 3, what is -211110 + 212222101?
212010221
In base 6, what is 3 - -153030515?
153030522
In base 11, what is -1a93 - 106914?
-1088a7
In base 10, what is 7240681 + 1?
7240682
In base 11, what is 1 - 8220864?
-8220863
In base 16, what is 1 + 24ef06?
24ef07
In base 12, what is 4 - 309427ab?
-309427a7
In base 13, what is 974 + c0a?
1881
In base 7, what is 26356 + 13445?
43134
In base 6, what is -2520214 - -1553?
-2514221
In base 5, what is -11220 - 102313322?
-102330042
In base 16, what is 2b8 + 1dcb4?
1df6c
In base 3, what is 112112101022 - 11121?
112112012201
In base 8, what is -311226 - 505?
-311733
In base 13, what is -71294540 + 4?
-71294539
In base 9, what is 163 + -42255?
-42082
In base 4, what is -2213 + 130111?
121232
In base 6, what is 520 + -45525?
-45005
In base 12, what is 7 + 240b62?
240b69
In base 10, what is -485 - 64897?
-65382
In base 14, what is -6 + -19612?
-19618
In base 5, what is -2013431 - 1333?
-2020314
In base 13, what is -197bc - 61?
-19850
In base 8, what is -1112573 - 434?
-1113227
In base 9, what is 15 - 3735431?
-3735415
In base 8, what is -3 - -126317166?
126317163
In base 8, what is -1 - -3250707?
3250706
In base 7, what is 2051 + -1060346?
-1055265
In base 12, what is -1166 + -8406?
-9570
In base 14, what is a02dd04 - 0?
a02dd04
In base 7, what is 5202 + 1020550?
1026052
In base 6, what is -224015510 - 0?
-224015510
In base 10, what is 48960548 + 4?
48960552
In base 16, what is 709a - -1d6?
7270
In base 13, what is -119 + 35001?
34bb5
In base 14, what is 1 - -a800497?
a800498
In base 10, what is -66 + 4493949?
4493883
In base 9, what is 3082746 - 1